 28. Calculate the remainder when 64 is divided by k(11).
13
Let q = -46 + 19. Let h = 34 + q. Suppose d = -0 + 4. What is the remainder when h is divided by d?
3
Let c = -301 + 145. Let h = -123 + 125. What is the remainder when 59 is divided by c/(-5) + h/(-10)?
28
Suppose k - m - 3 = -1, m - 5 = 0. Calculate the remainder when 187 is divided by k.
5
Let u = 210 - 11. Calculate the remainder when u is divided by 34.
29
Suppose -14*q - 2*l = -9*q - 2060, 0 = l + 5. Calculate the remainder when q is divided by 15.
9
Let f(k) = 32*k + 264. What is the remainder when 112 is divided by f(-7)?
32
Suppose 3*q - 3*t + 5*t + 38 = 0, 0 = -q + t - 21. Calculate the remainder when 112/q*(-2 - 0) is divided by 9.
5
Suppose 2*j = 5*n + 4*j - 313, -2*j + 187 = 3*n. Let o = 4 - -7. What is the remainder when n is divided by o?
8
Let r(g) be the second derivative of -3*g + 0 + 1/6*g**3 + 3/2*g**2. Calculate the remainder when 17 is divided by r(7).
7
Suppose 9 = 10*x - 381. Let s(q) = q**3 + 9*q**2 - 2*q - 4. Calculate the remainder when s(-6) is divided by x.
38
Suppose -p = -4*j - 46, -232 = -4*p + 3*j + j. Calculate the remainder when p is divided by 27/36 - (-250)/8.
30
Suppose -27*j + 166 = -158. Let i(u) = 3*u**3 - 3*u**2 - 4*u + 3. Calculate the remainder when i(3) is divided by j.
9
Suppose -5*b + 51 = -2*a, 28 = -3*b - 3*a + 46. Let q = 15 + 1. Calculate the remainder when q is divided by b.
7
Suppose 0 = 29*q - 5*q - 1464. Let y(v) = 1 + 4*v - 1 + 5*v**2 - 3*v**2 + 3. What is the remainder when q is divided by y(-3)?
7
Suppose -2*x + 1394 = 2*k, -3*x + 2*k + 2086 = 4*k. What is the remainder when x is divided by 99?
98
Let s = 211 - 192. Let h(q) = -q**3 - q**2 - q. Let f be h(-1). What is the remainder when s is divided by (f + -2)/((-10)/100)?
9
Let x(b) = b + 0*b - 17 - 2*b - 3*b. What is the remainder when 52 is divided by x(-7)?
8
Suppose -39 = -2*j - t, 21*j - 23*j + t = -33. Calculate the remainder when 104 is divided by j.
14
Suppose 6*b - 4 = 14. Suppose -g + b + 21 = 0. Suppose 5*u - 6 - g = 0. Calculate the remainder when 15 is divided by u.
3
Suppose -4*g + 7*g = 6. What is the remainder when g/4 + (-73)/(-2) is divided by ((-1406)/(-185))/(4/10)?
18
What is the remainder when 754/(-16)*-2 + 3/4 is divided by 24?
23
Suppose 5 = v - 3*c, -2*v - 5*c + 37 + 17 = 0. Suppose 115 + 57 = -2*p - 2*o, -o - 1 = 0. Let u = -80 - p. Calculate the remainder when v is divided by u.
2
Let a(d) be the first derivative of d**3/3 + 6*d**2 + 6*d + 6. Calculate the remainder when 100 is divided by a(-14).
32
Suppose 0 = -2*k + 3*l + 34, -5*l + 6*l = -2*k + 34. What is the remainder when 63 is divided by k?
12
Suppose 2*u = 4*i - 62, -2*u - 15 = -5. Let h = 34 + 1. Calculate the remainder when h is divided by i.
9
Suppose 0 = -17*c + 138 + 236. Let k = 1 - -4. Calculate the remainder when 217/k + (-6)/15 is divided by c.
21
Suppose 237 - 783 = -26*c. What is the remainder when 104 is divided by c?
20
Let c(s) = 2*s + 8. Let f be c(5). Let n = -15 + f. Suppose n*i - 34 = i. Calculate the remainder when i is divided by 5.
2
Let s = -77 - -114. What is the remainder when s is divided by 34?
3
Suppose -j + 4*i + 14 + 7 = 0, 2*j = 2*i + 18. Suppose -3*c - y + 547 = 0, -4*c + 554 + 157 = j*y. What is the remainder when c is divided by 17?
14
Suppose 0 = -2*j - 3*k + 1, 0 = 20*j - 21*j - k + 1. What is the remainder when 16 is divided by j?
0
Suppose -14 = -6*t + 4*t. Let z be 45 + (5 - (3 - 2)). Suppose 5*s - 51 = z. What is the remainder when s is divided by t?
6
Let g(w) = -21*w - 790. Calculate the remainder when 14 is divided by g(-38).
6
Let d = -555 - -1047. What is the remainder when d is divided by 83?
77
Suppose 0 = -j - 3*r + 46, -2*r - 12 = -j + 9. What is the remainder when 78 is divided by j?
16
Let o be -1 - 4/(-4 - -2). Let t = 5 + o. Suppose 0 = -0*u + 9*u - 144. Calculate the remainder when u is divided by t.
4
Let f be (-2 - -4 - 3) + 5. Suppose f*x - 15 = 1. What is the remainder when x/8 - (-15)/2 is divided by 5?
3
Let u(w) be the second derivative of -4*w**3/3 + 7*w**2 + w. Let v(b) = -4*b - 26. Let f be v(-5). What is the remainder when u(f) is divided by 16?
14
Suppose -2*p - 17 = -49. Calculate the remainder when 174 is divided by p.
14
Calculate the remainder when ((-15)/18 - (-780)/504)*259 is divided by 53.
26
Let j = -37 + 240. Suppose -5*y = -202 - j. Suppose -1 + y = 4*b. Calculate the remainder when b is divided by 6.
2
Let i = -81 + 105. What is the remainder when 69 is divided by i?
21
Let k = -135 - -138. What is the remainder when 5 is divided by k?
2
Let q(k) = 22*k + 2. Let d be q(1). Suppose 4*g + d = g. Calculate the remainder when 123 is divided by (-5)/20 - 250/g.
30
Let g = 357 - 325. What is the remainder when 111 is divided by g?
15
Calculate the remainder when (100/14)/(-1*3/(-21)) is divided by 37.
13
Suppose 0 = -q + 1321 - 1220. What is the remainder when q is divided by 25?
1
Suppose 156 = 4*z - 2*j, 4*j - 43 - 14 = -z. Calculate the remainder when z is divided by 22.
19
Suppose -3*a = -2*p - 78, -2*a + 185 - 1 = -5*p. Let y = p - -51. What is the remainder when -49*(-6)/42*216/21 is divided by y?
12
Let f(r) be the first derivative of -11*r**2/2 - 6*r + 1. Let m(b) = -86*b - 691. Let j be m(-8). What is the remainder when f(j) is divided by 10?
7
Suppose 10*j = 4*j + 24. Calculate the remainder when 2/9 - 142/(-9) is divided by j.
0
Suppose 0 = 5*b + 8*j - 10*j - 252, -4*j = -16. Calculate the remainder when b is divided by 33.
19
Let l(a) = -8*a - 1. Let f(y) = y**2 + 8*y + 30. Let x be f(-7). Let s(g) = -g**3 + 21*g**2 + 46*g + 12. Calculate the remainder when l(-6) is divided by s(x).
11
Let l = 1266 - 1007. Calculate the remainder when l is divided by 27.
16
Let o be (-3 - (-1 - 1))*-8. Calculate the remainder when 34/4 - (1 - 20/o) is divided by 3.
1
Let c = 282 - 234. Calculate the remainder when 171 is divided by c.
27
Let q(v) = -v**3 + 4*v**2 + v - 2. Let p(s) = 6*s**2 - 7 + 32*s + 3 - 28*s - 14*s + s**3. What is the remainder when p(-7) is divided by q(3)?
7
Calculate the remainder when 185 is divided by (-13)/((-91)/42) + 5.
9
Suppose 5*j - 665 = -5*g, 17*j = 12*j - 4*g + 663. Calculate the remainder when j is divided by 71.
60
Let p(t) = -2*t + 2*t**2 + 1 - t**2 + t. Suppose -3*k - 5*w = -1 - 20, 12 = 4*w. Calculate the remainder when 6 is divided by p(k).
0
Suppose 7*r = 11*r - 16. Let u be ((-8)/10)/(r/(-310)). Let i = 89 - u. What is the remainder when i is divided by 7?
6
Let z(a) = -10*a**2 + 104*a - 35. What is the remainder when 342 is divided by z(10)?
2
Let x = -1503 + 1594. What is the remainder when x is divided by 47?
44
Let b(o) = -2*o + 20. Let g be b(10). Suppose g = 5*k - 30 - 45. Let l = 184 + -126. Calculate the remainder when l is divided by k.
13
Let z(n) = 6*n + 5. Let c be z(5). Suppose -5*m = 5*f - c, -8 = 5*m - 4*m - 2*f. Calculate the remainder when 58 is divided by m*((-30)/(-4))/1.
13
Let s = -99 + 53. Let c = s - -65. What is the remainder when 74 is divided by c?
17
Let f(k) = 4*k - 2*k**2 + 2*k**3 - 3*k**3 + 0*k + 7*k**2 + 3. Let w be f(5). Calculate the remainder when -4*2/(-4)*w is divided by 16.
14
Suppose 3*i = -3*v + 4 + 8, -i + 6 = -v. Calculate the remainder when 10 - -51 - (v - -1)/1 is divided by 21.
19
Let q(k) = k**2 - 25*k + 74. Suppose u - 46 = -u. Calculate the remainder when u is divided by q(3).
7
Let u be (-12)/18 - 17/(-3). Suppose -u*p + 38 = -157. Suppose r - 12 = -c, 34 + 20 = 3*c - 3*r. Calculate the remainder when p is divided by c.
9
Let q(w) be the first derivative of 3*w**2/2 - 28*w - 16. What is the remainder when q(16) is divided by 11?
9
Suppose -5*n - 388 = 3*w, -233 = 4*n - n + 2*w. What is the remainder when n/(-4) - (-9)/(-36) is divided by 7?
5
Let z = -46 + 10. Calculate the remainder when z*(-3)/(-2)*(-18)/4 is divided by 35.
33
Let y = 678 + -564. What is the remainder when y is divided by 23?
22
Let i(z) = -z**3 + 2*z**2 - 5*z + 4. Suppose -3*d + 6 + 0 = 0. Let h be i(d). Let t = 6 - h. What is the remainder when t is divided by 3?
0
Suppose 5*s + k = 79, s + 3*k + 63 = 6*s. Suppose 5*w - 213 = v, 0 = -w - 4*w - 3*v + 221. Calculate the remainder when w is divided by s.
13
Let q(a) = -2020*a - 12086. Suppose m = 2*m - 203. Calcul